{"id":5428,"date":"2022-01-10T17:09:15","date_gmt":"2022-01-10T16:09:15","guid":{"rendered":"http:\/\/www.c-2i.org\/?page_id=5428"},"modified":"2024-09-22T22:22:35","modified_gmt":"2024-09-22T20:22:35","slug":"nos-activites-de-decouverte","status":"publish","type":"page","link":"https:\/\/www.carrefour-numerique.org\/?page_id=5428","title":{"rendered":"Le Fablab"},"content":{"rendered":"\t\t<div data-elementor-type=\"wp-page\" data-elementor-id=\"5428\" class=\"elementor elementor-5428\">\n\t\t\t\t\t\t<section class=\"elementor-section elementor-top-section elementor-element elementor-element-bc59a97 elementor-section-boxed elementor-section-height-default elementor-section-height-default\" data-id=\"bc59a97\" data-element_type=\"section\">\n\t\t\t\t\t\t<div class=\"elementor-container elementor-column-gap-default\">\n\t\t\t\t\t<div class=\"elementor-column elementor-col-100 elementor-top-column elementor-element elementor-element-74c7c7f\" data-id=\"74c7c7f\" data-element_type=\"column\">\n\t\t\t<div class=\"elementor-widget-wrap elementor-element-populated\">\n\t\t\t\t\t\t<div class=\"elementor-element elementor-element-6c43c65 elementor-widget elementor-widget-text-editor\" data-id=\"6c43c65\" data-element_type=\"widget\" data-widget_type=\"text-editor.default\">\n\t\t\t\t<div class=\"elementor-widget-container\">\n\t\t\t\t\t\t\t\t\t<p><span style=\"font-family: arial, helvetica, sans-serif;\"><span style=\"font-size: 14pt;\">Initi\u00e9s par Neil Gershenfeld, professeur au Massachusetts Institute of Technology (MIT), \u00e0 la fin des ann\u00e9es 1990, les Fab Labs (Fabrication Laboratory) sont des lieux ouverts \u00e0 tous et destin\u00e9s \u00e0 l\u2019apprentissage et l\u2019exp\u00e9rimentation.<\/span><\/span><\/p><p><span style=\"font-family: arial, helvetica, sans-serif;\"><span style=\"font-size: 14pt;\">En mettant \u00e0 disposition des machines de fabrication num\u00e9rique, les fab labs permettent \u00e0 leurs utilisateurs de s\u2019approprier des outils et des technologies, de d\u00e9velopper leurs projets, de partager leurs comp\u00e9tences, de faire ensemble, de co-concevoir.<\/span><\/span><\/p><p><span style=\"font-family: arial, helvetica, sans-serif; font-size: 14pt;\">La charte officielle des Fablabs est accessible\u00a0<strong><a href=\"http:\/\/fab.cba.mit.edu\/about\/charter\/\">ici<\/a><\/strong>\u00a0(en anglais).<\/span><\/p><h3 style=\"font-style: normal; text-align: center;\"><span style=\"font-family: arial, helvetica, sans-serif;\"><span style=\"font-size: 14pt;\">Notre devise : <\/span><strong><span style=\"font-size: 14pt;\"><span style=\"font-size: 18pt;\">Apprendre, Fabriquer et Partager<\/span><\/span><\/strong><\/span><\/h3>\t\t\t\t\t\t\t\t<\/div>\n\t\t\t\t<\/div>\n\t\t\t\t\t<\/div>\n\t\t<\/div>\n\t\t\t\t\t<\/div>\n\t\t<\/section>\n\t\t\t\t<section class=\"elementor-section elementor-top-section elementor-element elementor-element-1f8e99c elementor-section-boxed elementor-section-height-default elementor-section-height-default\" data-id=\"1f8e99c\" data-element_type=\"section\">\n\t\t\t\t\t\t<div class=\"elementor-container elementor-column-gap-default\">\n\t\t\t\t\t<div class=\"elementor-column elementor-col-25 elementor-top-column elementor-element elementor-element-0bd0e99\" data-id=\"0bd0e99\" data-element_type=\"column\">\n\t\t\t<div class=\"elementor-widget-wrap elementor-element-populated\">\n\t\t\t\t\t\t<div class=\"elementor-element elementor-element-9f3c334 elementor-widget elementor-widget-image\" data-id=\"9f3c334\" data-element_type=\"widget\" data-widget_type=\"image.default\">\n\t\t\t\t<div class=\"elementor-widget-container\">\n\t\t\t\t\t\t\t\t\t\t\t\t\t\t\t\t<a href=\"\/wp-content\/uploads\/2023\/06\/Charte-Fablab-2.pdf\" target=\"_blank\">\n\t\t\t\t\t\t\t<img fetchpriority=\"high\" decoding=\"async\" width=\"300\" height=\"300\" src=\"https:\/\/www.carrefour-numerique.org\/wp-content\/uploads\/2023\/06\/charte-Fablab.jpg\" class=\"attachment-large size-large wp-image-7683\" alt=\"\" srcset=\"https:\/\/www.carrefour-numerique.org\/wp-content\/uploads\/2023\/06\/charte-Fablab.jpg 300w, https:\/\/www.carrefour-numerique.org\/wp-content\/uploads\/2023\/06\/charte-Fablab-150x150.jpg 150w\" sizes=\"(max-width: 300px) 100vw, 300px\" \/>\t\t\t\t\t\t\t\t<\/a>\n\t\t\t\t\t\t\t\t\t\t\t\t\t\t\t<\/div>\n\t\t\t\t<\/div>\n\t\t\t\t\t<\/div>\n\t\t<\/div>\n\t\t\t\t<div class=\"elementor-column elementor-col-25 elementor-top-column elementor-element elementor-element-4888f0b\" data-id=\"4888f0b\" data-element_type=\"column\">\n\t\t\t<div class=\"elementor-widget-wrap elementor-element-populated\">\n\t\t\t\t\t\t<div class=\"elementor-element elementor-element-c5ab163 elementor-widget elementor-widget-image\" data-id=\"c5ab163\" data-element_type=\"widget\" data-widget_type=\"image.default\">\n\t\t\t\t<div class=\"elementor-widget-container\">\n\t\t\t\t\t\t\t\t\t\t\t\t\t\t\t\t<a href=\"\/?page_id=5434\">\n\t\t\t\t\t\t\t<img decoding=\"async\" width=\"300\" height=\"300\" src=\"https:\/\/www.carrefour-numerique.org\/wp-content\/uploads\/2023\/06\/imprimante-3D-2.jpg\" class=\"attachment-large size-large wp-image-7697\" alt=\"\" srcset=\"https:\/\/www.carrefour-numerique.org\/wp-content\/uploads\/2023\/06\/imprimante-3D-2.jpg 300w, https:\/\/www.carrefour-numerique.org\/wp-content\/uploads\/2023\/06\/imprimante-3D-2-150x150.jpg 150w\" sizes=\"(max-width: 300px) 100vw, 300px\" \/>\t\t\t\t\t\t\t\t<\/a>\n\t\t\t\t\t\t\t\t\t\t\t\t\t\t\t<\/div>\n\t\t\t\t<\/div>\n\t\t\t\t\t<\/div>\n\t\t<\/div>\n\t\t\t\t<div class=\"elementor-column elementor-col-25 elementor-top-column elementor-element elementor-element-3a92d2f\" data-id=\"3a92d2f\" data-element_type=\"column\">\n\t\t\t<div class=\"elementor-widget-wrap elementor-element-populated\">\n\t\t\t\t\t\t<div class=\"elementor-element elementor-element-0337d3d elementor-widget elementor-widget-image\" data-id=\"0337d3d\" data-element_type=\"widget\" data-widget_type=\"image.default\">\n\t\t\t\t<div class=\"elementor-widget-container\">\n\t\t\t\t\t\t\t\t\t\t\t\t\t\t\t\t<a href=\"\/?page_id=5438\">\n\t\t\t\t\t\t\t<img decoding=\"async\" width=\"300\" height=\"300\" src=\"https:\/\/www.carrefour-numerique.org\/wp-content\/uploads\/2023\/06\/le-robot.jpg\" class=\"attachment-large size-large wp-image-7701\" alt=\"\" srcset=\"https:\/\/www.carrefour-numerique.org\/wp-content\/uploads\/2023\/06\/le-robot.jpg 300w, https:\/\/www.carrefour-numerique.org\/wp-content\/uploads\/2023\/06\/le-robot-150x150.jpg 150w\" sizes=\"(max-width: 300px) 100vw, 300px\" \/>\t\t\t\t\t\t\t\t<\/a>\n\t\t\t\t\t\t\t\t\t\t\t\t\t\t\t<\/div>\n\t\t\t\t<\/div>\n\t\t\t\t\t<\/div>\n\t\t<\/div>\n\t\t\t\t<div class=\"elementor-column elementor-col-25 elementor-top-column elementor-element elementor-element-9f2433d\" data-id=\"9f2433d\" data-element_type=\"column\">\n\t\t\t<div class=\"elementor-widget-wrap elementor-element-populated\">\n\t\t\t\t\t\t<div class=\"elementor-element elementor-element-9c20724 elementor-widget elementor-widget-image\" data-id=\"9c20724\" data-element_type=\"widget\" data-widget_type=\"image.default\">\n\t\t\t\t<div class=\"elementor-widget-container\">\n\t\t\t\t\t\t\t\t\t\t\t\t\t\t\t\t<a href=\"https:\/\/www.carrefour-numerique.org\/?page_id=8430(ouvre%20un%20nouvel%20onglet)\">\n\t\t\t\t\t\t\t<img loading=\"lazy\" decoding=\"async\" width=\"300\" height=\"300\" src=\"https:\/\/www.carrefour-numerique.org\/wp-content\/uploads\/2024\/09\/la-fraiseuse.jpg\" class=\"attachment-large size-large wp-image-8436\" alt=\"\" srcset=\"https:\/\/www.carrefour-numerique.org\/wp-content\/uploads\/2024\/09\/la-fraiseuse.jpg 300w, https:\/\/www.carrefour-numerique.org\/wp-content\/uploads\/2024\/09\/la-fraiseuse-150x150.jpg 150w\" sizes=\"(max-width: 300px) 100vw, 300px\" \/>\t\t\t\t\t\t\t\t<\/a>\n\t\t\t\t\t\t\t\t\t\t\t\t\t\t\t<\/div>\n\t\t\t\t<\/div>\n\t\t\t\t\t<\/div>\n\t\t<\/div>\n\t\t\t\t\t<\/div>\n\t\t<\/section>\n\t\t\t\t<section class=\"elementor-section elementor-top-section elementor-element elementor-element-64df3e2 elementor-section-boxed elementor-section-height-default elementor-section-height-default\" data-id=\"64df3e2\" data-element_type=\"section\">\n\t\t\t\t\t\t<div class=\"elementor-container elementor-column-gap-default\">\n\t\t\t\t\t<div class=\"elementor-column elementor-col-25 elementor-top-column elementor-element elementor-element-2e3530b\" data-id=\"2e3530b\" data-element_type=\"column\">\n\t\t\t<div class=\"elementor-widget-wrap elementor-element-populated\">\n\t\t\t\t\t\t<div class=\"elementor-element elementor-element-659c2d6 elementor-widget elementor-widget-image\" data-id=\"659c2d6\" data-element_type=\"widget\" data-widget_type=\"image.default\">\n\t\t\t\t<div class=\"elementor-widget-container\">\n\t\t\t\t\t\t\t\t\t\t\t\t\t\t\t\t<a href=\"https:\/\/www.carrefour-numerique.org\/?page_id=8559\">\n\t\t\t\t\t\t\t<img loading=\"lazy\" decoding=\"async\" width=\"300\" height=\"300\" src=\"https:\/\/www.carrefour-numerique.org\/wp-content\/uploads\/2024\/09\/decoupe-vinyle.jpg\" class=\"attachment-large size-large wp-image-8566\" alt=\"\" srcset=\"https:\/\/www.carrefour-numerique.org\/wp-content\/uploads\/2024\/09\/decoupe-vinyle.jpg 300w, https:\/\/www.carrefour-numerique.org\/wp-content\/uploads\/2024\/09\/decoupe-vinyle-150x150.jpg 150w\" sizes=\"(max-width: 300px) 100vw, 300px\" \/>\t\t\t\t\t\t\t\t<\/a>\n\t\t\t\t\t\t\t\t\t\t\t\t\t\t\t<\/div>\n\t\t\t\t<\/div>\n\t\t\t\t\t<\/div>\n\t\t<\/div>\n\t\t\t\t<div class=\"elementor-column elementor-col-25 elementor-top-column elementor-element elementor-element-4b08500\" data-id=\"4b08500\" data-element_type=\"column\">\n\t\t\t<div class=\"elementor-widget-wrap elementor-element-populated\">\n\t\t\t\t\t\t<div class=\"elementor-element elementor-element-fb6b482 elementor-widget elementor-widget-image\" data-id=\"fb6b482\" data-element_type=\"widget\" data-widget_type=\"image.default\">\n\t\t\t\t<div class=\"elementor-widget-container\">\n\t\t\t\t\t\t\t\t\t\t\t\t\t\t\t\t<a href=\"https:\/\/www.carrefour-numerique.org\/?page_id=8604\">\n\t\t\t\t\t\t\t<img loading=\"lazy\" decoding=\"async\" width=\"300\" height=\"300\" src=\"https:\/\/www.carrefour-numerique.org\/wp-content\/uploads\/2024\/09\/laser-1.jpg\" class=\"attachment-large size-large wp-image-8600\" alt=\"\" srcset=\"https:\/\/www.carrefour-numerique.org\/wp-content\/uploads\/2024\/09\/laser-1.jpg 300w, https:\/\/www.carrefour-numerique.org\/wp-content\/uploads\/2024\/09\/laser-1-150x150.jpg 150w\" sizes=\"(max-width: 300px) 100vw, 300px\" \/>\t\t\t\t\t\t\t\t<\/a>\n\t\t\t\t\t\t\t\t\t\t\t\t\t\t\t<\/div>\n\t\t\t\t<\/div>\n\t\t\t\t\t<\/div>\n\t\t<\/div>\n\t\t\t\t<div class=\"elementor-column elementor-col-25 elementor-top-column elementor-element elementor-element-8af6f1d\" data-id=\"8af6f1d\" data-element_type=\"column\">\n\t\t\t<div class=\"elementor-widget-wrap elementor-element-populated\">\n\t\t\t\t\t\t<div class=\"elementor-element elementor-element-0a643f9 elementor-widget elementor-widget-image\" data-id=\"0a643f9\" data-element_type=\"widget\" data-widget_type=\"image.default\">\n\t\t\t\t<div class=\"elementor-widget-container\">\n\t\t\t\t\t\t\t\t\t\t\t\t\t\t\t\t<a href=\"https:\/\/www.carrefour-numerique.org\/?page_id=8614\">\n\t\t\t\t\t\t\t<img loading=\"lazy\" decoding=\"async\" width=\"300\" height=\"300\" src=\"https:\/\/www.carrefour-numerique.org\/wp-content\/uploads\/2024\/09\/scanner-3D-1.jpg\" class=\"attachment-large size-large wp-image-8619\" alt=\"\" srcset=\"https:\/\/www.carrefour-numerique.org\/wp-content\/uploads\/2024\/09\/scanner-3D-1.jpg 300w, https:\/\/www.carrefour-numerique.org\/wp-content\/uploads\/2024\/09\/scanner-3D-1-150x150.jpg 150w\" sizes=\"(max-width: 300px) 100vw, 300px\" \/>\t\t\t\t\t\t\t\t<\/a>\n\t\t\t\t\t\t\t\t\t\t\t\t\t\t\t<\/div>\n\t\t\t\t<\/div>\n\t\t\t\t\t<\/div>\n\t\t<\/div>\n\t\t\t\t<div class=\"elementor-column elementor-col-25 elementor-top-column elementor-element elementor-element-6f07c75\" data-id=\"6f07c75\" data-element_type=\"column\">\n\t\t\t<div class=\"elementor-widget-wrap\">\n\t\t\t\t\t\t\t<\/div>\n\t\t<\/div>\n\t\t\t\t\t<\/div>\n\t\t<\/section>\n\t\t\t\t<\/div>\n\t\t","protected":false},"excerpt":{"rendered":"<p>Initi\u00e9s par Neil Gershenfeld, professeur au Massachusetts Institute of Technology (MIT), \u00e0 la fin des ann\u00e9es 1990, les Fab Labs (Fabrication Laboratory) sont des lieux ouverts \u00e0 tous et destin\u00e9s \u00e0 l\u2019apprentissage et l\u2019exp\u00e9rimentation. En mettant \u00e0 disposition des machines de fabrication num\u00e9rique, les fab labs permettent \u00e0 leurs utilisateurs de s\u2019approprier des outils et &#8230; <a title=\"Le Fablab\" class=\"read-more\" href=\"https:\/\/www.carrefour-numerique.org\/?page_id=5428\" aria-label=\"En savoir plus sur Le Fablab\">Lire la suite<\/a><\/p>\n","protected":false},"author":487,"featured_media":0,"parent":0,"menu_order":0,"comment_status":"closed","ping_status":"closed","template":"","meta":{"inline_featured_image":false,"footnotes":""},"class_list":["post-5428","page","type-page","status-publish"],"_links":{"self":[{"href":"https:\/\/www.carrefour-numerique.org\/index.php?rest_route=\/wp\/v2\/pages\/5428","targetHints":{"allow":["GET"]}}],"collection":[{"href":"https:\/\/www.carrefour-numerique.org\/index.php?rest_route=\/wp\/v2\/pages"}],"about":[{"href":"https:\/\/www.carrefour-numerique.org\/index.php?rest_route=\/wp\/v2\/types\/page"}],"author":[{"embeddable":true,"href":"https:\/\/www.carrefour-numerique.org\/index.php?rest_route=\/wp\/v2\/users\/487"}],"replies":[{"embeddable":true,"href":"https:\/\/www.carrefour-numerique.org\/index.php?rest_route=%2Fwp%2Fv2%2Fcomments&post=5428"}],"version-history":[{"count":75,"href":"https:\/\/www.carrefour-numerique.org\/index.php?rest_route=\/wp\/v2\/pages\/5428\/revisions"}],"predecessor-version":[{"id":8727,"href":"https:\/\/www.carrefour-numerique.org\/index.php?rest_route=\/wp\/v2\/pages\/5428\/revisions\/8727"}],"wp:attachment":[{"href":"https:\/\/www.carrefour-numerique.org\/index.php?rest_route=%2Fwp%2Fv2%2Fmedia&parent=5428"}],"curies":[{"name":"wp","href":"https:\/\/api.w.org\/{rel}","templated":true}]}}