{"id":3873,"date":"2018-09-07T15:49:33","date_gmt":"2018-09-07T13:49:33","guid":{"rendered":"http:\/\/www.c-2i.org\/?page_id=3873"},"modified":"2024-09-16T14:58:23","modified_gmt":"2024-09-16T12:58:23","slug":"renouveler-votre-adhesion","status":"publish","type":"page","link":"https:\/\/www.carrefour-numerique.org\/?page_id=3873","title":{"rendered":"Renouveler votre adh\u00e9sion"},"content":{"rendered":"\t\t<div data-elementor-type=\"wp-post\" data-elementor-id=\"3873\" class=\"elementor elementor-3873\">\n\t\t\t\t\t\t<section class=\"elementor-section elementor-top-section elementor-element elementor-element-0697140 elementor-section-boxed elementor-section-height-default elementor-section-height-default\" data-id=\"0697140\" data-element_type=\"section\">\n\t\t\t\t\t\t<div class=\"elementor-container elementor-column-gap-default\">\n\t\t\t\t\t<div class=\"elementor-column elementor-col-100 elementor-top-column elementor-element elementor-element-3886e3d\" data-id=\"3886e3d\" data-element_type=\"column\">\n\t\t\t<div class=\"elementor-widget-wrap elementor-element-populated\">\n\t\t\t\t\t\t<div class=\"elementor-element elementor-element-8e9c18a elementor-widget elementor-widget-text-editor\" data-id=\"8e9c18a\" data-element_type=\"widget\" data-widget_type=\"text-editor.default\">\n\t\t\t\t<div class=\"elementor-widget-container\">\n\t\t\t\t\t\t\t\t\t<h3><span style=\"font-size: 14pt; font-family: 'comic sans ms', sans-serif;\"><span style=\"color: #000000;\"><strong>Pour renouveler votre adh\u00e9sion,<\/strong>\u00a0<\/span><span style=\"color: #000000;\"> vous devez vous connecter \u00e0 votre compte<strong>, <\/strong><\/span><span style=\"color: #000000;\">en cliquant dans le menu sur <strong>&#8220;Acc\u00e8s adh\u00e9rents&#8221;<\/strong><\/span><\/span><\/h3>\n<h3><strong><span style=\"font-size: 18pt; font-family: 'comic sans ms', sans-serif;\">1\/ Connectez vous avec vos identifiants.\u00a0<\/span><\/strong><\/h3>\n<h3><span style=\"font-size: 14pt; font-family: 'comic sans ms', sans-serif;\">Si vous avez perdu ou oubli\u00e9 votre identifiant ou votre mot de passe, cliquez sur le lien sous le bouton &#8220;Connexion&#8221;<\/span><\/h3>\n<h3><span style=\"font-size: 14pt; font-family: 'comic sans ms', sans-serif;\"><span style=\"color: #000000;\"><img decoding=\"async\" src=\"http:\/\/gestion.c-2i.org\/\" alt=\"\" \/><\/span><span style=\"color: #000000;\">\u00a0<img fetchpriority=\"high\" decoding=\"async\" class=\"aligncenter\" src=\"\/wp-content\/uploads\/2023\/06\/authentification.jpg\" alt=\"\" width=\"324\" height=\"377\" \/><\/span><\/span><\/h3>\n<h3><span style=\"font-size: 14pt; font-family: 'comic sans ms', sans-serif;\">Vous serez invit\u00e9 \u00e0 saisir votre adresse email et \u00e0 cliquer sur le bouton &#8220;Envoyer&#8221;.\n<\/span><span style=\"font-size: 14pt; font-family: 'comic sans ms', sans-serif;\">Vous recevrez ensuite sur l&#8217;adresse email saisie les informations vous permettant de vous connecter.<\/span><\/h3>\n<h3><span style=\"font-size: 18pt;\"><strong><span class=\"gmail_signature_prefix\" style=\"font-family: 'comic sans ms', sans-serif;\">2\/ Une fois connect\u00e9, allez sur le menu &#8220;Adh\u00e9sion&#8221;\u00a0<\/span><\/strong><\/span><\/h3>\n<h3><span style=\"font-size: 14pt; font-family: 'comic sans ms', sans-serif;\"><img decoding=\"async\" src=\"\/wp-content\/uploads\/2023\/06\/adhesion.jpg\" alt=\"\" \/><\/span><\/h3>\n<h3><span style=\"font-size: 18pt;\"><strong><span class=\"gmail_signature_prefix\" style=\"font-family: 'comic sans ms', sans-serif;\">3\/ Enfin, compl\u00e9tez le formulaire habituel.<\/span><\/strong><\/span><\/h3>\n<h3><\/h3>\n<h3><em><span class=\"gmail_signature_prefix\" style=\"font-size: 14pt; font-family: 'comic sans ms', sans-serif;\">Les inscriptions pour le Fablab se feront ult\u00e9rieurement.\u00a0<\/span><\/em><\/h3>\t\t\t\t\t\t\t\t<\/div>\n\t\t\t\t<\/div>\n\t\t\t\t\t<\/div>\n\t\t<\/div>\n\t\t\t\t\t<\/div>\n\t\t<\/section>\n\t\t\t\t<\/div>\n\t\t","protected":false},"excerpt":{"rendered":"<p>Pour renouveler votre adh\u00e9sion,\u00a0 vous devez vous connecter \u00e0 votre compte, en cliquant dans le menu sur &#8220;Acc\u00e8s adh\u00e9rents&#8221; 1\/ Connectez vous avec vos identifiants.\u00a0 Si vous avez perdu ou oubli\u00e9 votre identifiant ou votre mot de passe, cliquez sur le lien sous le bouton &#8220;Connexion&#8221; \u00a0 Vous serez invit\u00e9 \u00e0 saisir votre adresse email &#8230; <a title=\"Renouveler votre adh\u00e9sion\" class=\"read-more\" href=\"https:\/\/www.carrefour-numerique.org\/?page_id=3873\" aria-label=\"En savoir plus sur Renouveler votre adh\u00e9sion\">Lire la suite<\/a><\/p>\n","protected":false},"author":191,"featured_media":0,"parent":0,"menu_order":0,"comment_status":"closed","ping_status":"closed","template":"","meta":{"inline_featured_image":false,"footnotes":""},"class_list":["post-3873","page","type-page","status-publish"],"_links":{"self":[{"href":"https:\/\/www.carrefour-numerique.org\/index.php?rest_route=\/wp\/v2\/pages\/3873","targetHints":{"allow":["GET"]}}],"collection":[{"href":"https:\/\/www.carrefour-numerique.org\/index.php?rest_route=\/wp\/v2\/pages"}],"about":[{"href":"https:\/\/www.carrefour-numerique.org\/index.php?rest_route=\/wp\/v2\/types\/page"}],"author":[{"embeddable":true,"href":"https:\/\/www.carrefour-numerique.org\/index.php?rest_route=\/wp\/v2\/users\/191"}],"replies":[{"embeddable":true,"href":"https:\/\/www.carrefour-numerique.org\/index.php?rest_route=%2Fwp%2Fv2%2Fcomments&post=3873"}],"version-history":[{"count":59,"href":"https:\/\/www.carrefour-numerique.org\/index.php?rest_route=\/wp\/v2\/pages\/3873\/revisions"}],"predecessor-version":[{"id":8514,"href":"https:\/\/www.carrefour-numerique.org\/index.php?rest_route=\/wp\/v2\/pages\/3873\/revisions\/8514"}],"wp:attachment":[{"href":"https:\/\/www.carrefour-numerique.org\/index.php?rest_route=%2Fwp%2Fv2%2Fmedia&parent=3873"}],"curies":[{"name":"wp","href":"https:\/\/api.w.org\/{rel}","templated":true}]}}